ase 16
1ceb
What is -31120 (base 4) in base 5?
-11411
23013 (base 4) to base 2
1011000111
Convert 163b (base 12) to base 5.
41024
What is -2146 (base 12) in base 13?
-1881
Convert 405 (base 8) to base 13.
171
What is 929 (base 14) in base 3?
2110201
What is -2102 (base 11) in base 14?
-102d
1241 (base 7) to base 8
726
233120 (base 4) to base 6
22012
Convert -212 (base 8) to base 11.
-116
What is -200021002 (base 3) in base 6?
-141345
a7 (base 13) to base 4
2021
Convert -119 (base 12) to base 13.
-c9
-1233a (base 11) to base 13
-80a3
Convert -614 (base 16) to base 2.
-11000010100
Convert 1b453 (base 13) to base 2.
1101000011100000
Convert -28238 (base 9) to base 13.
-8942
3014 (base 7) to base 11
866
Convert 4713 (base 8) to base 16.
9cb
220311 (base 4) to base 15
b93
What is -1939 (base 12) in base 10?
-3069
What is -564 (base 8) in base 5?
-2442
12601 (base 8) to base 5
134010
-6082 (base 9) to base 6
-32332
What is -10110010 (base 2) in base 10?
-178
What is 244 (base 8) in base 13?
c8
Convert 13311 (base 4) to base 7.
1314
Convert -62d (base 15) to base 13.
-832
878 (base 14) to base 2
11010001010
What is -2c2 (base 16) in base 11?
-592
What is 415 (base 10) in base 16?
19f
What is -15366 (base 7) in base 3?
-12220200
What is -7430 (base 14) in base 5?
-1120114
What is -103113 (base 5) in base 3?
-11211212
Convert -7ab (base 13) to base 6.
-10044
Convert -14824 (base 15) to base 12.
-32207
Convert -396 (base 10) to base 7.
-1104
20 (base 14) to base 15
1d
-11111111 (base 2) to base 7
-513
Convert -8516 (base 15) to base 4.
-12313302
What is -5593 (base 11) in base 8?
-16302
What is -12056 (base 10) in base 11?
-9070
What is 247 (base 8) in base 13?
cb
What is -12130 (base 5) in base 13?
-555
Convert -a1b (base 12) to base 11.
-1110
-1535 (base 13) to base 5
-44321
Convert 3dc (base 16) to base 9.
1317
What is 2111120 (base 3) in base 5?
24244
What is -1134 (base 8) in base 10?
-604
Convert 12662 (base 10) to base 9.
18328
6950 (base 10) to base 6
52102
Convert -5435 (base 6) to base 10.
-1247
-165540 (base 7) to base 6
-413413
866 (base 12) to base 7
3405
What is 102244 (base 5) in base 11?
2656
Convert -13b2 (base 12) to base 3.
-10010222
What is -10233 (base 9) in base 15?
-2003
What is -2782 (base 11) in base 14?
-1451
Convert -224014 (base 5) to base 11.
-6021
What is 4709 (base 13) in base 3?
111200122
11101010000011 (base 2) to base 8
35203
22b (base 16) to base 14
2b9
-14615 (base 9) to base 6
-114105
What is 51b6 (base 15) in base 6?
211543
Convert -100220 (base 3) to base 15.
-12c
-3a2 (base 16) to base 9
-1243
What is -1010111110 (base 2) in base 14?
-382
11302312 (base 4) to base 7
126124
Convert 2524 (base 9) to base 4.
131131
8728 (base 9) to base 12
3875
What is -263 (base 15) in base 12?
-393
-186b (base 15) to base 13
-252b
-1124 (base 8) to base 4
-21110
What is 3b9 (base 15) in base 6?
3533
Convert 20a4 (base 13) to base 15.
151d
What is 13033 (base 4) in base 15?
20d
2450 (base 6) to base 3
211110
What is -201300 (base 4) in base 9?
-2860
Convert 63981 (base 10) to base 11.
44085
-2223 (base 6) to base 15
-249
Convert 2013 (base 6) to base 7.
1200
-83 (base 13) to base 8
-153
Convert -793 (base 16) to base 13.
-b62
-242a (base 11) to base 16
-c6a
2332103 (base 4) to base 7
50336
Convert -231 (base 10) to base 15.
-106
Convert -1c70 (base 14) to base 11.
-39a2
Convert -11000011000 (base 2) to base 12.
-aa0
Convert -1115355 (base 6) to base 14.
-16a7d
What is -22 (base 13) in base 12?
-24
What is 343 (base 7) in base 10?
178
3d1 (base 14) to base 12
543
What is 6367 (base 8) in base 16?
cf7
What is 323001 (base 4) in base 16?
ec1
Convert 1000001010100101 (base 2) to base 4.
20022211
What is 244441 (base 6) in base 10?
21769
What is 1b6 (base 16) in base 11?
369
3120 (base 10) to base 4
300300
14038 (base 11) to base 13
914c
-1b6 (base 14) to base 4
-11210
e6 (base 15) to base 10
216
What is -c88b (base 15) in base 4?
-22112333
What is -66d0 (base 16) in base 14?
-9840
What is 28433 (base 9) in base 4?
10231230
What is 34e4 (base 16) in base 2?
11010011100100
40316 (base 8) to base 16
40ce
Convert -110132 (base 4) to base 6.
-10022
-3238 (base 9) to base 11
-1878
What is -4025 (base 6) in base 7?
-2366
Convert b1a1 (base 13) to base 9.
36505
Convert -12122110 (base 3) to base 15.
-1346
4267 (base 9) to base 8
6103
Convert -12d0 (base 16) to base 2.
-1001011010000
743 (base 14) to base 2
10110010111
55bb (base 14) to base 11
10194
2251 (base 8) to base 15
548
What is 1926 (base 15) in base 5?
133221
Convert -2 (base 5) to base 15.
-2
28a (base 13) to base 2
111000100
What is 61 (base 9) in base 2?
110111
Convert -1110121121 (base 3) to base 2.
-111000011001111
Convert 931 (base 11) to base 2.
10001100011
What is 433 (base 15) in base 5?
12243
What is 11400 (base 6) in base 12?
b60
-45021 (base 6) to base 9
-8544
Convert 83 (base 13) to base 12.
8b
What is 22313 (base 4) in base 16?
2b7
-81c7 (base 16) to base 6
-413451
Convert 10011201 (base 4) to base 9.
24856
What is -211020011 (base 3) in base 13?
-74b6
What is -106162 (base 7) in base 6?
-223434
-4738 (base 14) to base 9
-18005
What is 1041302 (base 5) in base 14?
6971
31102 (base 4) to base 3
1011111
Convert 202102100 (base 3) to base 8.
35046
What is 550 (base 9) in base 4?
13002
What is 115036 (base 7) in base 3?
1001201221
Convert 5d02 (base 15) to base 9.
30142
What is 1520 (base 11) in base 2?
11110100110
What is 20210 (base 4) in base 2?
1000100100
What is 212120 (base 3) in base 4?
21330
-2085 (base 11) to base 10
-2755
What is -58930 (base 10) in base 2?
-1110011000110010
What is -6506 (base 8) in base 6?
-23422
-5725 (base 8) to base 12
-1905
What is 3d (base 16) in base 6?
141
2717 (base 8) to base 14
783
What is -1143040 (base 6) in base 5?
-3412123
-318 (base 13) to base 12
-380
6051 (base 15) to base 7
113155
Convert -22110011 (base 3) to base 4.
-1200100
What is 146536 (base 8) in base 12?
26512
16556 (base 7) to base 11
3624
What is 25c (base 13) in base 11?
348
-68dc (base 14) to base 15
-5601
62e2 (base 15) to base 2
101000110110000
-546 (base 7) to base 8
-427
What is -144422 (base 5) in base 14?
-23b7
What is -23014 (base 5) in base 4?
-121202
Convert -1010000011110 (base 2) to base 7.
-21005
Convert -2766 (base 8) to base 13.
-905
Convert 524405 (base 6) to base 12.
20705
-11552 (base 6) to base 9
-2325
22422 (base 7) to base 3
21211010
What is -175 (base 15) in base 6?
-1315
Convert 405 (base 8) to base 9.
320
What is -1240 (base 11) in base 14?
-837
What is 504 (base 11) in base 10?
609
60855 (base 9) to base 7
224543
What is -224352 (base 6) in base 15?
-5a18
-597 (base 13) to base 9
-1286
What is -10110 (base 2) in base 11?
-20
-20b4 (base 15) to base 14
-2743
Convert 11000001001000 (base 2) to base 14.
470c
Convert 1823 (base 11) to base 13.
109a
-831 (base 11) to base 12
-6b6
What is 742 (base 9) in base 10?
605
40d3 (base 16) to base 15
4db5
Convert 6dc (base 14) to base 9.
1782
-1330 (base 8) to base 11
-602
What is ea1 (base 16) in base 9?
5121
What is -2231 (base 7) in base 3?
-1002212
What is -1001100100110110 (base 2) in base 6?
-501330
-7117 (base 10) to base 9
-10677
What is -11000001011 (base 3) in base 13?
-29b09
-81c4 (base 15) to base 3
-1101121011
Convert -212112 (base 3) to base 8.
-1173
3032032 (base 4) to base 13
6013
Convert 4102 (base 5) to base 14.
299
Convert -48a4 (base 14) to base 10.
-12688
Convert -10122 (base 6) to base 3.
-1211212
Convert -10100100110 (base 2) to base 16.
-526
What is -21478 (base 12) in base 9?
-66152
What is -4759 (base 12) in base 14?
-2ca9
9497 (base 15) to base 8
75271
-800 (base 9) to base 16
-288
8b (base 13) to base 11
a5
-233 (base 15) to base 7
-1311
Convert a09 (base 11) to base 10.
1219
What is 13103 (base 16) in base 10?
78083
Convert -173 (base 16) to base 3.
-111202
-132 (base 8) to base 11
-82
-3297 (base 15) to base 2
-10100111011101
What is -a78 (base 12) in base 5?
-22112
6772 (base 8) to base 14
1438
What is 3295 (base 12) in base 9?
7585
Convert -198a (base 11) to base 9.
-3407
What is -11200 (base 3) in base 6?
-330
Convert 2110210 (base 3) to base 14.
92b
Convert 430b (base 13) to base 9.
13680
Convert -2214344 (base 5) to base 16.
-9744
What is 123241 (base 6) in base 3?
120